or of 3459321 and 3348.
837
What is the greatest common divisor of 4446 and 33706?
38
What is the greatest common factor of 2272741 and 541?
541
What is the highest common divisor of 488 and 97192?
8
Calculate the greatest common factor of 27056 and 1958.
178
Calculate the highest common factor of 1192 and 904.
8
Calculate the highest common factor of 182 and 74620.
182
Calculate the highest common factor of 1853 and 10682.
109
What is the greatest common factor of 1644 and 276?
12
What is the highest common divisor of 54 and 44424?
18
What is the greatest common factor of 98776 and 104?
8
What is the greatest common divisor of 10937565 and 270?
135
What is the greatest common divisor of 82674 and 5724?
54
Calculate the greatest common divisor of 29889 and 23616.
369
What is the greatest common divisor of 26322 and 89238?
642
Calculate the greatest common factor of 119064 and 68.
4
Calculate the greatest common divisor of 2190 and 781100.
730
What is the greatest common divisor of 527 and 837?
31
What is the greatest common divisor of 280 and 973224?
56
Calculate the highest common divisor of 78 and 12077.
13
Calculate the highest common divisor of 3876 and 150366.
114
What is the highest common factor of 7357746 and 198?
66
Calculate the highest common divisor of 992 and 34472.
248
Calculate the greatest common factor of 538 and 16409.
269
What is the highest common divisor of 1400 and 249400?
200
Calculate the highest common divisor of 33 and 34056.
33
Calculate the greatest common factor of 7920 and 19404.
396
Calculate the highest common factor of 31124 and 4712.
124
What is the greatest common divisor of 518929 and 5072?
317
Calculate the greatest common divisor of 270 and 35586.
54
What is the highest common divisor of 2564 and 76?
4
What is the greatest common factor of 30807 and 2771?
163
What is the highest common factor of 2132 and 14391?
533
Calculate the greatest common factor of 1074954 and 582.
582
What is the highest common factor of 280 and 112630?
70
Calculate the highest common factor of 46843 and 417.
139
Calculate the highest common factor of 17561 and 9297.
1033
What is the highest common divisor of 24 and 32244?
12
What is the greatest common divisor of 266501 and 23?
23
What is the greatest common divisor of 29972 and 2537?
59
What is the highest common divisor of 11920 and 5840?
80
Calculate the highest common divisor of 1077021 and 1161.
387
Calculate the greatest common factor of 11534 and 9085.
79
What is the highest common divisor of 5 and 31705?
5
What is the greatest common divisor of 13120 and 21440?
320
Calculate the highest common factor of 4132037 and 1547.
1547
Calculate the highest common divisor of 403333 and 3297.
1099
Calculate the greatest common factor of 495497 and 106.
53
What is the highest common divisor of 2726 and 10034?
58
Calculate the greatest common divisor of 7787 and 152745.
599
Calculate the greatest common divisor of 30456 and 1504.
376
What is the greatest common factor of 282 and 114?
6
Calculate the greatest common factor of 3750 and 2550.
150
What is the highest common factor of 897 and 68679?
39
Calculate the greatest common factor of 153472 and 33.
11
Calculate the highest common divisor of 732 and 75945.
183
Calculate the greatest common factor of 3259 and 125.
1
Calculate the greatest common divisor of 56542 and 272.
34
What is the highest common factor of 17 and 867527?
17
What is the highest common factor of 408 and 1513?
17
Calculate the highest common divisor of 112814 and 624.
26
Calculate the highest common divisor of 345 and 76935.
345
What is the highest common divisor of 363 and 3201?
33
What is the highest common divisor of 203794 and 692?
346
What is the highest common divisor of 2518447 and 87?
29
What is the highest common divisor of 396494 and 490?
14
Calculate the highest common divisor of 188 and 68009.
47
Calculate the greatest common divisor of 445125 and 1650.
75
What is the greatest common factor of 123486 and 1320?
66
What is the greatest common factor of 491179 and 104?
13
Calculate the greatest common factor of 2914 and 7379.
47
What is the greatest common divisor of 5 and 12185?
5
What is the highest common divisor of 1152 and 2268?
36
Calculate the greatest common factor of 456 and 296799.
57
Calculate the greatest common divisor of 354 and 19411.
59
What is the greatest common factor of 209045 and 15?
5
Calculate the highest common divisor of 6033806 and 328.
82
What is the greatest common divisor of 9 and 168921?
9
Calculate the highest common divisor of 1668040 and 10.
10
What is the highest common divisor of 48744 and 342?
18
What is the greatest common factor of 197931 and 85?
17
What is the greatest common factor of 492515 and 2055?
685
Calculate the highest common divisor of 7084 and 140756.
308
Calculate the greatest common factor of 198 and 262999.
11
What is the greatest common factor of 544 and 4448?
32
Calculate the greatest common factor of 1734 and 237.
3
What is the highest common factor of 44 and 246928?
44
What is the greatest common factor of 187218 and 48?
6
What is the greatest common factor of 5698 and 322?
14
Calculate the highest common factor of 3618 and 89937.
27
Calculate the greatest common divisor of 30375 and 625.
125
Calculate the greatest common factor of 24863 and 2645.
529
What is the greatest common divisor of 11128 and 2752789?
1391
Calculate the highest common divisor of 1973983 and 22.
11
What is the highest common factor of 3424 and 40672?
32
Calculate the greatest common factor of 7512 and 300.
12
Calculate the greatest common factor of 144704 and 3553.
323
What is the highest common factor of 93580 and 100?
20
What is the highest common factor of 84309 and 537?
537
What is the greatest common factor of 568485 and 270?
135
What is the greatest common factor of 484368 and 48?
48
What is the greatest common factor of 513 and 1254?
57
What is the greatest common factor of 232 and 203348?
116
Calculate the highest common divisor of 36852 and 60.
12
Calculate the highest common factor of 78944 and 8.
8
What is the highest common factor of 4795 and 39305?
35
What is the greatest common divisor of 408 and 12104?
136
Calculate the greatest common divisor of 52029 and 235.
47
What is the highest common factor of 925 and 5625?
25
What is the greatest common divisor of 1164275 and 35?
35
What is the highest common factor of 84488 and 8024?
472
Calculate the greatest common factor of 558 and 85653.
279
What is the highest common factor of 3844 and 128340?
124
What is the highest common factor of 381 and 11466957?
381
What is the highest common factor of 389390 and 920?
230
Calculate the greatest common divisor of 113373 and 49113.
459
What is the highest common factor of 205 and 17180?
5
Calculate the greatest common factor of 190404 and 144.
36
What is the greatest common factor of 540 and 251370?
270
What is the highest common factor of 435 and 7801?
29
What is the greatest common factor of 40760 and 2?
2
What is the highest common divisor of 10887 and 13943?
191
What is the highest common factor of 18 and 3934701?
9
What is the highest common factor of 72 and 404728?
8
Calculate the greatest common factor of 6716762 and 26.
26
Calculate the highest common divisor of 2108 and 6664.
68
What is the greatest common factor of 153 and 280279?
17
Calculate the highest common divisor of 567 and 343.
7
Calculate the greatest common factor of 2376 and 59004.
396
What is the greatest common factor of 142 and 50765?
71
Calculate the highest common divisor of 55377 and 17955.
189
What is the highest common divisor of 54 and 4671?
27
Calculate the highest common divisor of 2295 and 5838939.
459
Calculate the highest common divisor of 47994 and 4218.
114
What is the highest common divisor of 3204 and 54?
18
What is the greatest common factor of 1036 and 17038?
14
Calculate the highest common divisor of 57600 and 4500.
900
What is the greatest common factor of 343535 and 1905?
635
What is the highest common factor of 11550 and 7490?
70
Calculate the greatest common divisor of 180 and 3390.
30
What is the highest common divisor of 13279 and 147?
49
What is the greatest common divisor of 3225 and 3060?
15
Calculate the greatest common facto